 632/(-6). Let u = b + 49. What is the units digit of u?
4
Let y(h) = -450*h - 2164. What is the tens digit of y(-7)?
8
Suppose 0 = 6*y - 10 - 8. Suppose 0 = 2*a + y*a - 25. Suppose 0 = -2*u + k + a, -2*u = -u - 5*k + 2. What is the units digit of u?
3
Let i(o) = 0*o**3 + 5 - 1 + o**3 + 9*o + 8 + 6*o**2. Let u be i(-6). What is the units digit of ((-318)/u)/(3/21)?
3
Let k(z) = -41*z**3 - 4*z**2 - 3*z. Suppose 2*x = 11 - 13. Let j be k(x). Let a = j + -14. What is the units digit of a?
6
Let n be (5 - 4)*(-2 - -4). Let t(b) = -3*b**3 + 2*b**2 + b + 2. Let k be t(n). What is the units digit of -24*(-6)/(-27)*k?
4
Suppose 3*z - 222 = -249. Let v(h) = -42*h + 209. What is the tens digit of v(z)?
8
Let y(v) = -5*v + 8 + 4*v**2 - 2 + 3*v**2. What is the units digit of y(1)?
8
Let d be (-2 - -36)/((-2)/(-10)). Suppose t = -231 + 234. Suppose t*h = 5*a - 170, 0*a + 5*a - h - d = 0. What is the units digit of a?
4
Let a(t) = 20*t**3 - 26*t**2 + 18*t - 624. What is the tens digit of a(13)?
5
What is the ten thousands digit of (((-800)/(-320))/((-1)/1))/((-3)/45936)?
3
Suppose 406435 = 41*t - 1600670 - 662815. What is the tens digit of t?
2
Let x(b) = -86*b + 132. Let v(g) = -5*g + 1. Let n(z) = 6*v(z) + x(z). What is the hundreds digit of n(-4)?
6
Let m(o) = -1564*o - 788. What is the tens digit of m(-2)?
4
Suppose 5*j - 8*j = 3. What is the hundreds digit of (-1 - j)*2/(-6) - -247?
2
Let u be 7797/(-4)*(-20)/3. What is the tens digit of 1/5 + u/25?
2
Let w be (-22)/22*(-1 + -7). Suppose 11*q = 9*q - w. What is the hundreds digit of 666/4 + (-2)/q?
1
Suppose 3*x = -5*t + 2664, -3*x - 4*t - 1776 = -5*x. Suppose -2*l = -1154 - x. What is the tens digit of l?
2
Suppose -5*m - 4*c - 54 = 0, -5*m - 68 = -2*c + 10. What is the units digit of m*((-702)/4)/9?
3
What is the hundreds digit of 13/(-7) + 2 + 782262/63?
4
Let n(u) = u**2 - 4*u + 8. Suppose 0 = -2*h - 2*a + 18, -h + 3*a + 23 = h. Let o be (-5)/(-3)*36/h. What is the units digit of n(o)?
0
Suppose 5*z - 3*t - 2*t = 15, -t - 5 = 0. Let w be -1 - (-16 + (-1 - z - -2)). Suppose 0 = 4*v + w, 2*j - 309 = -2*v + 79. What is the tens digit of j?
9
Let g be 4/22 - (-506848)/176. Suppose 10*a + g = 20*a. What is the units digit of a?
8
Let o = 23784 + -16459. What is the units digit of o?
5
Suppose n = 3*n - 56. Let p = -2945 + 2950. Suppose p*r = 187 + n. What is the tens digit of r?
4
Let u(x) = -157*x + 263. Let v be u(-22). Suppose -v = 2*h - 5967. What is the thousands digit of h?
1
Let k = -46297 - -75620. What is the tens digit of k?
2
Suppose 5*r - 4*v = 91459, 6*r - v + 73184 = 10*r. What is the thousands digit of r?
8
Let y = 2430 - -5251. What is the thousands digit of y?
7
Let h be 5 - ((-3)/(-1) - 6). Suppose -6*b + 4*b = -h. Suppose 208 = b*d - p, 2*p = -3*d + 4*p + 151. What is the units digit of d?
3
Suppose 73*g - 69*g - 4*f = 31764, -5*g + 39705 = 4*f. What is the hundreds digit of g?
9
Let c(q) = 5*q - 27. Let r be c(5). Let v be (-3 + (0 - r))/((-1)/(-1)). What is the hundreds digit of v + (21/(-14) - 303/(-2))?
1
Let u be 7 + (5/1 - 10). Suppose 0 = -2*m + u*n - 132, n = -n + 4. Let h = m + 129. What is the tens digit of h?
6
Let j(q) = 2271*q**2 + 22*q - 22. Let y be j(1). Suppose -3*h + 6*h = y. What is the units digit of h?
7
What is the tens digit of 50017 + -1 - 15/(-3)*(-28)/(-20)?
2
Suppose -3*h = -6116 + 374. Let n be (-30)/20 - h/(-4). Let r = n + -309. What is the hundreds digit of r?
1
Let d = -24 - -27. Suppose d*m + 9*m - 36 = 0. Suppose -m*s - 663 = -4*u + 122, u - 191 = -s. What is the hundreds digit of u?
1
Let f be 1 - 3/(-9)*-3. Suppose 6*c - 7*c + 162 = 0. Suppose f = 2*i - 36 - c. What is the tens digit of i?
9
Suppose -5*b + 11 - 29 = -3*f, -4*b - 2*f - 32 = 0. What is the hundreds digit of 20/b*(-16632)/110?
5
Suppose -668*z = -663*z - 222725. What is the ten thousands digit of z?
4
Suppose 0 = 54*x - 32*x - 165946. What is the thousands digit of x?
7
Suppose -43*o + 175 = -42*o. What is the tens digit of ((-176)/10)/((-10)/o)?
0
Let g(q) = -2*q + 3 - 3 - 2*q - 7. Let x be g(-3). Suppose -321 = -x*v + 4*m, 3*v - m = m + 191. What is the units digit of v?
1
Suppose -4*k - 5*q + 111 = 352, 5*q + 25 = 0. Suppose -204*s + 221*s - 34 = 0. What is the units digit of (k/(-1) - 3) + s?
3
Let z(d) = 17*d**2 + 39*d + 406. What is the thousands digit of z(-9)?
1
Let w(p) = 11*p + 46. Let i be w(-4). Suppose y - 4*h - 1164 = -i*y, 3*h = 2*y - 776. What is the tens digit of y?
8
Let x be 5/(4 - -1) + -30. Let s = -347 + 277. Let m = x - s. What is the tens digit of m?
4
Let n(g) = 2*g**2 + 45*g - 91. Let i be n(-22). Let f be ((-8)/12)/(4/(-1074)). Let x = i + f. What is the units digit of x?
6
Let p(y) = -26*y**2 - 179*y - 9. What is the tens digit of p(-6)?
2
Let v(k) = 2154*k - 3040. What is the hundreds digit of v(11)?
6
Suppose -5*t + 1833 = 3*v + v, -5*t = 2*v - 919. Let a be (-3)/8 + (-2133)/8 + -5. Let b = a + v. What is the units digit of b?
5
Let p(q) = q**2 - 15*q + 15. Let h be p(16). Let f = 18 - h. Let m(u) = -10*u - 12. What is the hundreds digit of m(f)?
1
Suppose 0 = -4*w - 22*w - 260. What is the units digit of 2 + 26/w + (-1073)/(-5)?
4
What is the tens digit of (-585969)/60*-2 - (-309)/(-1030)?
3
Let g(n) = n**2 + 26*n + 96. Let a(v) = -v**2 - 1. Let t(m) = -3*a(m) - g(m). What is the units digit of t(-14)?
3
Let u(p) be the third derivative of -1/12*p**5 + 0*p + 0 - 1/120*p**6 + p**3 + 7/12*p**4 - 13*p**2. What is the units digit of u(-7)?
6
Suppose 1271741 = 123*r - 985063. What is the tens digit of r?
4
What is the units digit of (8 - -13)*5/70*1716?
4
Let n be -82*(-5 + 1 + 35/10). Let x = n - -91. What is the hundreds digit of x?
1
Let v(y) = y**2 + 4*y - 13. Let g = -27 + 41. Suppose g*s = 15*s + 8. What is the tens digit of v(s)?
1
What is the hundreds digit of 1368/(-1539) - 1210137/(-27)?
8
Let v = -59 + 36. Let a(c) = 7 - 90*c**2 - c**3 - 12*c - 14*c + 66*c**2. What is the units digit of a(v)?
6
Let k(f) = -7*f + 88. Let a be k(9). Suppose -a*l + 15*l + 3810 = 0. What is the units digit of l?
1
Let r(n) be the third derivative of 7*n**6/20 - n**5/30 - n**4/8 + 5*n**3/6 - 33*n**2 - 2*n. What is the tens digit of r(2)?
2
Let h(d) = 328*d**2 - 6*d + 9. Let s be h(-4). Suppose -s + 1513 = -8*v. What is the hundreds digit of v?
4
Let d be 8/60 + (-8)/60. Let x(i) = 26*i + 512. What is the hundreds digit of x(d)?
5
Suppose 2911*o = 2943*o - 456256. What is the hundreds digit of o?
2
Let i be -2*582/(-4)*7/21. Suppose 3*r = 4*g + 127 + 21, 2*r = g + i. What is the tens digit of r?
4
Let c be (4/(-10))/((-2)/(-70)). Suppose 166*i + 15196 = 50*i. Let y = c - i. What is the units digit of y?
7
Let w = -16 + 20. Let m(c) = 23 + 10 - 2 - 5*c - w. What is the tens digit of m(-11)?
8
Let z = 63 + 79. Suppose -2*x - z = -4*r, -x = 2 + 1. What is the units digit of r?
4
Suppose 7*f - 10*f = -5*n - 40289, 3*f = n + 40309. What is the tens digit of f?
3
Suppose 33*o + l = 38*o - 28138, 2*l + 22508 = 4*o. What is the tens digit of o?
2
Let s = 35 - 32. Suppose 2*n - 569 + 161 = -s*r, 0 = -5*r - 10. What is the units digit of n?
7
Let d = 9838 + -4267. What is the hundreds digit of d?
5
Suppose 5*h = -44*s + 40*s + 61475, 0 = h - s - 12286. What is the thousands digit of h?
2
Suppose -15 = 4*u + 5, -u = 5*h. Let w be h*(-3 + 1) + (6 - 4). Suppose 8*r - 10*r + 44 = w. What is the tens digit of r?
2
Suppose -107493 - 78876 = -23*b. What is the hundreds digit of b?
1
Let i(k) = -13*k + 280. Let v be i(-35). Suppose -j = -3*z + 4433, z = -3*j + 2226 - v. What is the thousands digit of z?
1
Suppose 3*z - 81*z + 291642 = 0. What is the tens digit of z?
3
Let q(c) = -30*c - 1. Let z(h) = 10 + 25*h + 5*h - 9. Let d(g) = -4*q(g) - 6*z(g). What is the tens digit of d(-1)?
5
Suppose 8*o - 22 = 258. Suppose -4*l = -25*r + 24*r + 29, -o = -r + 2*l. What is the units digit of r?
1
Let g(x) = 1482*x + 27. Let w(i) = 2965*i + 58. Let q(d) = 9*g(d) - 4*w(d). What is the units digit of q(1)?
9
Let s be (-2)/(-3) - ((-57)/9 + 6). Let d be 16*(s - (2 + -2)). What is the units digit of 1128/d - (-3)/(-2)?
9
Let p(b) = -2855*b - 282. What is the units digit of p(-3)?
3
Let i = 126 - 118. Let c(p) = 2*p**3 - 14*p**2 + 40*p - 20. What is the units digit of c(i)?
8
Suppose 2*w - 22355 = -5